{"id":1256,"date":"2022-02-11T13:25:19","date_gmt":"2022-02-11T12:25:19","guid":{"rendered":"https:\/\/pomorskiehospicjum.pl\/?page_id=1256"},"modified":"2022-04-05T14:41:41","modified_gmt":"2022-04-05T12:41:41","slug":"wolontariat-3","status":"publish","type":"page","link":"https:\/\/pomorskiehospicjum.pl\/?page_id=1256","title":{"rendered":"Wolontariat"},"content":{"rendered":"\t\t<div data-elementor-type=\"wp-page\" data-elementor-id=\"1256\" class=\"elementor elementor-1256\">\n\t\t\t\t\t\t\t\t\t<div class=\"elementor-section elementor-top-section elementor-element elementor-element-a66c7a5 elementor-section-full_width elementor-section-height-default elementor-section-height-default\" data-id=\"a66c7a5\" data-element_type=\"section\">\n\t\t\t\t\t\t<div class=\"elementor-container elementor-column-gap-default\">\n\t\t\t\t\t<div class=\"elementor-column elementor-col-100 elementor-top-column elementor-element elementor-element-881c849\" data-id=\"881c849\" data-element_type=\"column\">\n\t\t\t<div class=\"elementor-widget-wrap elementor-element-populated\">\n\t\t\t\t\t\t\t\t<section class=\"elementor-section elementor-inner-section elementor-element elementor-element-c83d11b elementor-section-boxed elementor-section-height-default elementor-section-height-default\" data-id=\"c83d11b\" data-element_type=\"section\">\n\t\t\t\t\t\t<div class=\"elementor-container elementor-column-gap-default\">\n\t\t\t\t\t<div class=\"elementor-column elementor-col-50 elementor-inner-column elementor-element elementor-element-83ff2fb\" data-id=\"83ff2fb\" data-element_type=\"column\">\n\t\t\t<div class=\"elementor-widget-wrap elementor-element-populated\">\n\t\t\t\t\t\t\t\t<div class=\"elementor-element elementor-element-f8e252c elementor-widget elementor-widget-text-editor\" data-id=\"f8e252c\" data-element_type=\"widget\" data-widget_type=\"text-editor.default\">\n\t\t\t\t<div class=\"elementor-widget-container\">\n\t\t\t<style>\/*! elementor - v3.6.6 - 08-06-2022 *\/\n.elementor-widget-text-editor.elementor-drop-cap-view-stacked .elementor-drop-cap{background-color:#818a91;color:#fff}.elementor-widget-text-editor.elementor-drop-cap-view-framed .elementor-drop-cap{color:#818a91;border:3px solid;background-color:transparent}.elementor-widget-text-editor:not(.elementor-drop-cap-view-default) .elementor-drop-cap{margin-top:8px}.elementor-widget-text-editor:not(.elementor-drop-cap-view-default) .elementor-drop-cap-letter{width:1em;height:1em}.elementor-widget-text-editor .elementor-drop-cap{float:left;text-align:center;line-height:1;font-size:50px}.elementor-widget-text-editor .elementor-drop-cap-letter{display:inline-block}<\/style>\t\t\t\tWOLONTARIAT SZKOLNY\n\n Promowanie idei wolontariatu w szkole. Przygotowanie uczni\u00f3w do podejmowania dzia\u0142a\u0144 wolontariackich na rzecz \u015brodowiska szkolnego i lokalnego.\nKszta\u0142cenie postaw prospo\u0142ecznych oraz umiej\u0119tno\u015bci wsp\u00f3\u0142dzia\u0142ania w grupie \u200b\nWolontariat szkolny jest skierowany do ludzi m\u0142odych, kt\u00f3rzy chc\u0105 s\u0142u\u017cy\u0107 potrzebuj\u0105cym. Ich dzia\u0142anie powinno by\u0107 dobrowolne i bezinteresowne, a postawa otwarta na drugiego cz\u0142owieka. Wolontariat wspiera dzia\u0142ania na rzecz szko\u0142y i \u015brodowiska lokalnego.\n\nWolontariusze na co dzie\u0144 u\u017cywaj\u0105 s\u0142\u00f3w: prosz\u0119, przepraszam, dzi\u0119kuj\u0119. Podstaw\u0105 relacji interpersonalnych mi\u0119dzy cz\u0142onkami\nKlubu jest prawda, przyja\u017a\u0144 i \u017cyczliwo\u015b\u0107.\t\t\t\t\t\t<\/div>\n\t\t\t\t<\/div>\n\t\t\t\t\t<\/div>\n\t\t<\/div>\n\t\t\t\t<div class=\"elementor-column elementor-col-50 elementor-inner-column elementor-element elementor-element-9bfebe4\" data-id=\"9bfebe4\" data-element_type=\"column\">\n\t\t\t<div class=\"elementor-widget-wrap elementor-element-populated\">\n\t\t\t\t\t\t\t\t<div class=\"elementor-element elementor-element-921398c elementor-widget elementor-widget-text-editor\" data-id=\"921398c\" data-element_type=\"widget\" data-widget_type=\"text-editor.default\">\n\t\t\t\t<div class=\"elementor-widget-container\">\n\t\t\t\t\t\t\t<p>Wolontariat pracowniczy (ang. corporate volunteering) jest to dzia\u0142anie polegaj\u0105ce na podejmowaniu i wspieraniu przez przedsi\u0119biorc\u0119 dzia\u0142alno\u015bci charytatywnej na rzecz wybranych podmiot\u00f3w, w szczeg\u00f3lno\u015bci organizacji pozarz\u0105dowych i okre\u015blonych przepisami prawa instytucji, przy dobrowolnej wsp\u00f3\u0142pracy zatrudnionych przez przedsi\u0119biorc\u0119 os\u00f3b. Jest to dzia\u0142anie polegaj\u0105ce na podejmowaniu i wspieraniu przez firm\u0119 dzia\u0142alno\u015bci pracownik\u00f3w na rzecz organizacji pozarz\u0105dowych i okre\u015blonych przepisami prawa instytucji. Pracownicy organizacji wykorzystuj\u0105c swoje umiej\u0119tno\u015bci \u015bwiadcz\u0105 us\u0142ugi na rzecz instytucji spo\u0142ecznych. Aktywno\u015b\u0107 dobroczynna organizacji jest wdra\u017cana w ramach strategii \u201espo\u0142ecznej odpowiedzialno\u015bci biznesu\u201d (z ang. Corporate Social Responsibility \u2013 CSR) i \u201espo\u0142ecznego zaanga\u017cowania biznesu\u201d (z ang. Corporate Community Involvment \u2013 CCI). My\u015bl\u0105 przewodni\u0105 obu strategi jest to, \u017ce sektor prywatny, przy okazji prowadzonej dzia\u0142alno\u015bci gospodarczej, podejmuje dzia\u0142anie na rzecz potrzebuj\u0105cych oraz otaczaj\u0105cego go spo\u0142ecze\u0144stwa.<\/p>\t\t\t\t\t\t<\/div>\n\t\t\t\t<\/div>\n\t\t\t\t\t<\/div>\n\t\t<\/div>\n\t\t\t\t\t\t\t<\/div>\n\t\t<\/section>\n\t\t\t\t\t<\/div>\n\t\t<\/div>\n\t\t\t\t\t\t\t<\/div>\n\t\t<\/div>\n\t\t\t\t\t\t\t<\/div>\n\t\t","protected":false},"excerpt":{"rendered":"<p>WOLONTARIAT SZKOLNY Promowanie idei wolontariatu w szkole. Przygotowanie uczni\u00f3w do podejmowania dzia\u0142a\u0144 wolontariackich na rzecz \u015brodowiska szkolnego i lokalnego. Kszta\u0142cenie postaw prospo\u0142ecznych oraz umiej\u0119tno\u015bci wsp\u00f3\u0142dzia\u0142ania w grupie \u200b Wolontariat szkolny jest skierowany do ludzi m\u0142odych, kt\u00f3rzy chc\u0105 s\u0142u\u017cy\u0107 potrzebuj\u0105cym. Ich dzia\u0142anie powinno by\u0107 dobrowolne i bezinteresowne, a postawa otwarta na drugiego cz\u0142owieka. Wolontariat wspiera dzia\u0142ania [&hellip;]<\/p>\n","protected":false},"author":1,"featured_media":0,"parent":0,"menu_order":0,"comment_status":"closed","ping_status":"closed","template":"","meta":{"_ti_tpc_template_sync":false,"_ti_tpc_template_id":"","footnotes":""},"_links":{"self":[{"href":"https:\/\/pomorskiehospicjum.pl\/index.php?rest_route=\/wp\/v2\/pages\/1256"}],"collection":[{"href":"https:\/\/pomorskiehospicjum.pl\/index.php?rest_route=\/wp\/v2\/pages"}],"about":[{"href":"https:\/\/pomorskiehospicjum.pl\/index.php?rest_route=\/wp\/v2\/types\/page"}],"author":[{"embeddable":true,"href":"https:\/\/pomorskiehospicjum.pl\/index.php?rest_route=\/wp\/v2\/users\/1"}],"replies":[{"embeddable":true,"href":"https:\/\/pomorskiehospicjum.pl\/index.php?rest_route=%2Fwp%2Fv2%2Fcomments&post=1256"}],"version-history":[{"count":10,"href":"https:\/\/pomorskiehospicjum.pl\/index.php?rest_route=\/wp\/v2\/pages\/1256\/revisions"}],"predecessor-version":[{"id":2040,"href":"https:\/\/pomorskiehospicjum.pl\/index.php?rest_route=\/wp\/v2\/pages\/1256\/revisions\/2040"}],"wp:attachment":[{"href":"https:\/\/pomorskiehospicjum.pl\/index.php?rest_route=%2Fwp%2Fv2%2Fmedia&parent=1256"}],"curies":[{"name":"wp","href":"https:\/\/api.w.org\/{rel}","templated":true}]}}