{"id":1014,"date":"2022-02-04T14:02:50","date_gmt":"2022-02-04T13:02:50","guid":{"rendered":"https:\/\/pomorskiehospicjum.pl\/?page_id=1014"},"modified":"2022-02-14T19:38:19","modified_gmt":"2022-02-14T18:38:19","slug":"o-fundacji","status":"publish","type":"page","link":"https:\/\/pomorskiehospicjum.pl\/?page_id=1014","title":{"rendered":"O Fundacji"},"content":{"rendered":"\t\t<div data-elementor-type=\"wp-page\" data-elementor-id=\"1014\" class=\"elementor elementor-1014\">\n\t\t\t\t\t\t\t\t\t<section class=\"elementor-section elementor-top-section elementor-element elementor-element-56dbf62 elementor-section-boxed elementor-section-height-default elementor-section-height-default\" data-id=\"56dbf62\" data-element_type=\"section\">\n\t\t\t\t\t\t<div class=\"elementor-container elementor-column-gap-default\">\n\t\t\t\t\t<div class=\"elementor-column elementor-col-100 elementor-top-column elementor-element elementor-element-f69c1fe\" data-id=\"f69c1fe\" data-element_type=\"column\">\n\t\t\t<div class=\"elementor-widget-wrap elementor-element-populated\">\n\t\t\t\t\t\t\t\t<section class=\"elementor-section elementor-inner-section elementor-element elementor-element-8bc7a48 elementor-section-boxed elementor-section-height-default elementor-section-height-default\" data-id=\"8bc7a48\" data-element_type=\"section\">\n\t\t\t\t\t\t<div class=\"elementor-container elementor-column-gap-default\">\n\t\t\t\t\t<div class=\"elementor-column elementor-col-50 elementor-inner-column elementor-element elementor-element-5308ef7\" data-id=\"5308ef7\" data-element_type=\"column\">\n\t\t\t<div class=\"elementor-widget-wrap elementor-element-populated\">\n\t\t\t\t\t\t\t\t<div class=\"elementor-element elementor-element-38e7e75 elementor-widget elementor-widget-text-editor\" data-id=\"38e7e75\" data-element_type=\"widget\" data-widget_type=\"text-editor.default\">\n\t\t\t\t<div class=\"elementor-widget-container\">\n\t\t\t<style>\/*! elementor - v3.6.6 - 08-06-2022 *\/\n.elementor-widget-text-editor.elementor-drop-cap-view-stacked .elementor-drop-cap{background-color:#818a91;color:#fff}.elementor-widget-text-editor.elementor-drop-cap-view-framed .elementor-drop-cap{color:#818a91;border:3px solid;background-color:transparent}.elementor-widget-text-editor:not(.elementor-drop-cap-view-default) .elementor-drop-cap{margin-top:8px}.elementor-widget-text-editor:not(.elementor-drop-cap-view-default) .elementor-drop-cap-letter{width:1em;height:1em}.elementor-widget-text-editor .elementor-drop-cap{float:left;text-align:center;line-height:1;font-size:50px}.elementor-widget-text-editor .elementor-drop-cap-letter{display:inline-block}<\/style>\t\t\t\t<h3>FUNDACJA POMORSKIE HOSPICJUM DLA DZIECI<\/h3><p>Nasza Fundacja zosta\u0142a za\u0142o\u017cona 1 kwietnia 2008 roku. Fundacja zapewnia pomoc lekarsk\u0105, piel\u0119gniarsk\u0105, psychologiczn\u0105, socjaln\u0105. Rodzice nie ponosz\u0105 koszt\u00f3w zwi\u0105zanych z opiek\u0105 nad dzieckiem, a w sytuacjach kryzysowych mog\u0105 liczy\u0107 na pomoc Fundacji, na niezb\u0119dne wsparcie finansowe.<\/p><p>Bardzo wa\u017cne jest dla nas to, aby s\u0142u\u017cy\u0107 pomoc\u0105 ka\u017cdego dnia. Sprawy z pozoru dla nas proste dla rodzin naszych podopiecznych urastaj\u0105 do rangi niewykonalnych. Cz\u0119sto odsy\u0142ani od urz\u0119du do urz\u0119du trac\u0105 poczucie, \u017ce co\u015b mo\u017cna w ich \u017cyciu jeszcze zmieni\u0107, brakuje im si\u0142y. W swojej bezradno\u015bci mog\u0105 liczy\u0107 na nasz\u0105 pomoc. Pracownicy Pomorskiego Hospicjum dla Dzieci staraj\u0105 si\u0119 zmieni\u0107 ich nastawienie do samych siebie i do drugiego cz\u0142owieka. Najwa\u017cniejszym naszym dzia\u0142aniem jest zapewnienie jak najlepszej opieki lekarskiej i piel\u0119gniarskiej. Jednak nie zapominamy r\u00f3wnie\u017c o wsparciu psychologicznym i duchowym.<br \/>Zdajemy sobie spraw\u0119 z tego, jak ogromne znaczenie ma troskliwa opieka nad rodze\u0144stwem i rodzicami umieraj\u0105cego dziecka. Staramy si\u0119 sprawi\u0107, aby rodziny w tak trudnym dla nich momencie nie czu\u0142y si\u0119 samotne, pozostawione same sobie. Robimy wszystko co w naszej mocy, jednak nasze mo\u017cliwo\u015bci s\u0105 ograniczone. Tylko dzi\u0119ki Pa\u0144stwa wsparciu b\u0119dziemy mogli dzia\u0142alno\u015b\u0107 naszego Hospicjum utrzyma\u0107 na odpowiednim poziomie.<br \/>Pod nasz\u0105 opiek\u0105 znajduj\u0105 si\u0119 mali pacjenci ze schorzeniami metabolicznymi i genetycznymi oraz z chorobami nowotworowymi.<\/p>\t\t\t\t\t\t<\/div>\n\t\t\t\t<\/div>\n\t\t\t\t\t<\/div>\n\t\t<\/div>\n\t\t\t\t<div class=\"elementor-column elementor-col-50 elementor-inner-column elementor-element elementor-element-90f7b40\" data-id=\"90f7b40\" data-element_type=\"column\">\n\t\t\t<div class=\"elementor-widget-wrap elementor-element-populated\">\n\t\t\t\t\t\t\t\t<div class=\"elementor-element elementor-element-63e7ffe elementor-widget elementor-widget-image\" data-id=\"63e7ffe\" data-element_type=\"widget\" data-widget_type=\"image.default\">\n\t\t\t\t<div class=\"elementor-widget-container\">\n\t\t\t<style>\/*! elementor - v3.6.6 - 08-06-2022 *\/\n.elementor-widget-image{text-align:center}.elementor-widget-image a{display:inline-block}.elementor-widget-image a img[src$=\".svg\"]{width:48px}.elementor-widget-image img{vertical-align:middle;display:inline-block}<\/style>\t\t\t\t\t\t\t\t\t\t\t\t<img decoding=\"async\" loading=\"lazy\" width=\"1024\" height=\"577\" src=\"https:\/\/pomorskiehospicjum.pl\/wp-content\/uploads\/2021\/11\/Projekt-bez-tytulu-4-1024x577.jpg\" class=\"attachment-large size-large no-lazy\" alt=\"\" srcset=\"https:\/\/pomorskiehospicjum.pl\/wp-content\/uploads\/2021\/11\/Projekt-bez-tytulu-4-1024x577.jpg 1024w, https:\/\/pomorskiehospicjum.pl\/wp-content\/uploads\/2021\/11\/Projekt-bez-tytulu-4-300x169.jpg 300w, https:\/\/pomorskiehospicjum.pl\/wp-content\/uploads\/2021\/11\/Projekt-bez-tytulu-4-768x433.jpg 768w, https:\/\/pomorskiehospicjum.pl\/wp-content\/uploads\/2021\/11\/Projekt-bez-tytulu-4-1536x865.jpg 1536w, https:\/\/pomorskiehospicjum.pl\/wp-content\/uploads\/2021\/11\/Projekt-bez-tytulu-4-621x350.jpg 621w, https:\/\/pomorskiehospicjum.pl\/wp-content\/uploads\/2021\/11\/Projekt-bez-tytulu-4.jpg 1640w\" sizes=\"(max-width: 1024px) 100vw, 1024px\" \/>\t\t\t\t\t\t\t\t\t\t\t\t\t\t\t<\/div>\n\t\t\t\t<\/div>\n\t\t\t\t\t<\/div>\n\t\t<\/div>\n\t\t\t\t\t\t\t<\/div>\n\t\t<\/section>\n\t\t\t\t\t<\/div>\n\t\t<\/div>\n\t\t\t\t\t\t\t<\/div>\n\t\t<\/section>\n\t\t\t\t\t\t\t<\/div>\n\t\t","protected":false},"excerpt":{"rendered":"<p>FUNDACJA POMORSKIE HOSPICJUM DLA DZIECI Nasza Fundacja zosta\u0142a za\u0142o\u017cona 1 kwietnia 2008 roku. Fundacja zapewnia pomoc lekarsk\u0105, piel\u0119gniarsk\u0105, psychologiczn\u0105, socjaln\u0105. Rodzice nie ponosz\u0105 koszt\u00f3w zwi\u0105zanych z opiek\u0105 nad dzieckiem, a w sytuacjach kryzysowych mog\u0105 liczy\u0107 na pomoc Fundacji, na niezb\u0119dne wsparcie finansowe. Bardzo wa\u017cne jest dla nas to, aby s\u0142u\u017cy\u0107 pomoc\u0105 ka\u017cdego dnia. Sprawy z [&hellip;]<\/p>\n","protected":false},"author":1,"featured_media":0,"parent":0,"menu_order":0,"comment_status":"closed","ping_status":"closed","template":"page-templates\/template-pagebuilder-full-width.php","meta":{"_ti_tpc_template_sync":false,"_ti_tpc_template_id":"","footnotes":""},"_links":{"self":[{"href":"https:\/\/pomorskiehospicjum.pl\/index.php?rest_route=\/wp\/v2\/pages\/1014"}],"collection":[{"href":"https:\/\/pomorskiehospicjum.pl\/index.php?rest_route=\/wp\/v2\/pages"}],"about":[{"href":"https:\/\/pomorskiehospicjum.pl\/index.php?rest_route=\/wp\/v2\/types\/page"}],"author":[{"embeddable":true,"href":"https:\/\/pomorskiehospicjum.pl\/index.php?rest_route=\/wp\/v2\/users\/1"}],"replies":[{"embeddable":true,"href":"https:\/\/pomorskiehospicjum.pl\/index.php?rest_route=%2Fwp%2Fv2%2Fcomments&post=1014"}],"version-history":[{"count":5,"href":"https:\/\/pomorskiehospicjum.pl\/index.php?rest_route=\/wp\/v2\/pages\/1014\/revisions"}],"predecessor-version":[{"id":1320,"href":"https:\/\/pomorskiehospicjum.pl\/index.php?rest_route=\/wp\/v2\/pages\/1014\/revisions\/1320"}],"wp:attachment":[{"href":"https:\/\/pomorskiehospicjum.pl\/index.php?rest_route=%2Fwp%2Fv2%2Fmedia&parent=1014"}],"curies":[{"name":"wp","href":"https:\/\/api.w.org\/{rel}","templated":true}]}}